e -4*r + 6 = d, d + 2*r = 7*r - 3. Suppose -6*k = -2*k + d*u - 2, 0 = -5*k - u + 10. Is l(k) a composite number?
True
Let r = 10 + -14. Let g(c) = 179*c**2 - 5*c + 1. Is g(r) composite?
True
Is -159428*(-1 + 9/(-4) + (-3)/(-1)) a prime number?
True
Let y(a) = 35*a**2 - 102*a + 32. Let g(x) = -12*x**2 + 35*x - 11. Let n(u) = -7*g(u) - 2*y(u). Is n(10) prime?
False
Let w(r) = -103*r + 131143. Is w(0) a prime number?
True
Let s = 244998 - 130517. Is s a composite number?
True
Is 2651914/6 + 504/54 + -10 composite?
True
Suppose 78*q = 54*q + 257496. Is q composite?
False
Let l be (-7)/((-147)/14) + 8/6. Suppose -5*r + 3*p = 11, 2 = l*r - p + 7. Is r - ((-1443)/1 + -2) a prime number?
False
Suppose 18*o + 10*o - 8*o = 7039740. Is o a composite number?
True
Suppose 3*p - y - 143516 = 0, 7*p - 4*p = -3*y + 143520. Is p a prime number?
False
Let u(m) = -397808*m**3 - 23*m - 43. Is u(-2) composite?
False
Let q(h) = -3 + 17 + 4*h - 8*h + 0. Let o be q(-8). Let n = o + -27. Is n a prime number?
True
Let a be 3 + (-2 - 1) + 3. Let v(i) = 6*i**2 + a*i + 11 + 4*i - 1 - 4*i**2. Is v(7) composite?
False
Is (12/(-8))/((-6)/(-20)*1) - -242194 composite?
True
Let r = -631 + 634. Suppose -901 = -r*h + 1118. Is h a prime number?
True
Let x(b) = -3*b**2 - 13*b - 8. Let j be x(-3). Suppose -27*r = -2*p - 32*r + 13643, -13616 = -2*p + j*r. Is p a composite number?
True
Suppose 3*j - m + 17 = 0, 5*j + 0*m - 5*m = -25. Let u be (1012 - -1) + (-7)/14*j. Suppose -u = -3*d - d. Is d prime?
False
Suppose -59 = -4*n + 29. Suppose -11*k = -0*k - n. Suppose -6*v + 2516 = -k*v. Is v a composite number?
True
Let q be (85/51)/((-5)/(-18)). Suppose y + 160 = q*y. Let t = y + 5. Is t a composite number?
False
Let t(u) = -2115*u - 1390. Is t(-3) prime?
False
Suppose -338 = 4*t - 2*n + 4*n, -t = -3*n + 88. Let b = t - -100. Is b prime?
False
Suppose 0 = 6*y - 7*y + 4. Suppose y*i - 2352 = 3*p - 424, -5*p = 2*i + 3170. Is (p/10)/((-4)/10) prime?
False
Let h(x) be the second derivative of x**5/20 - 7*x**4/6 - x**3/6 - 9*x**2 - 38*x. Let y be h(15). Is 317808/y - ((-3)/4)/(-3) composite?
True
Let h = -4534 + 4942. Suppose 0 = -2*x + 3*x + 205. Let g = h + x. Is g prime?
False
Let r = 279779 + 27182. Is r composite?
True
Suppose 238*j - 252*j = -4341134. Is j a prime number?
True
Suppose 0 = -522*b + 548*b - 64268438. Is b prime?
True
Let b = -29 - -41. Is 138/4 - 6/b prime?
False
Let l(c) = 1277*c + 13. Let n be l(-7). Let s = n - -13779. Is s a prime number?
False
Let c(j) = -956*j**3 - 4*j**2 - 2*j + 9. Is c(-3) a prime number?
False
Let y(i) = -48*i + 13. Let g(m) = -14*m + 20. Let u be g(2). Is y(u) a prime number?
True
Let f(q) = -3*q + 24. Let g be f(14). Let u = g - -12. Is 3/u*1*-602 a prime number?
False
Let i(j) = -21*j + 8. Let p be i(-2). Suppose p*b + 3*b - 397871 = 0. Is b composite?
False
Let q = 1250661 + -819070. Is q composite?
True
Let k = -446 + 8362. Let i = k - 3789. Is i a prime number?
True
Suppose 4*d + 79 = 3*c, 0*c + 65 = -5*d - 3*c. Let a = d - -16. Suppose a = -0*l - 3*l + 2*o + 2392, -5*l + 2*o + 3980 = 0. Is l prime?
False
Let u(d) = 26415*d**3 + 2*d**2 - 11*d + 1. Is u(2) prime?
False
Let o(g) = 39*g**2 - 24 - 12*g - 38*g**2 + 3*g. Let j be o(11). Is ((-2)/j - 1367)*-1 a composite number?
True
Suppose 3*h + 4*z + z - 5 = 0, -23 = -5*h - z. Suppose -h*s - 45 - 5 = 0. Is (-5268)/s + 2/10 prime?
False
Suppose 16 = -2*d + 4*q, 8*d - 13*d + q = -5. Suppose 0 = 4*k - 4*b - 1348, -8*k - 1336 = -12*k - d*b. Is k prime?
False
Let j = -64 + 59. Let r(t) = 6*t**2 - 12*t + 23. Let u(c) = 5*c**2 - 13*c + 22. Let b(z) = j*u(z) + 4*r(z). Is b(13) a composite number?
True
Let k(v) = -v**3 + 12*v**2 - v + 9. Let z be k(12). Is ((-2338600)/15)/(-11) + 1/z prime?
True
Suppose 14 + 90 = 8*t. Suppose -4*u - t*i + 9344 = -9*i, 0 = -2*u + 4*i + 4654. Is u a composite number?
False
Let y = -50 - -56. Suppose y*a = 1689 + 357. Is a a prime number?
False
Suppose -3020 = -10*p - 50. Suppose -u + p + 500 = 0. Is u a composite number?
False
Suppose -37*b + 179*b - 4812806 = 0. Is b composite?
False
Let d(v) = -47197*v + 2606. Is d(-5) a composite number?
False
Let n(z) = 1615010*z**3 - 3*z**2 + 17*z - 15. Is n(1) a prime number?
False
Let f = 501 + -612. Is 2488435/f*3/(-5) prime?
True
Let a = 28 + -60. Let h be 0 + (-17)/4 - 8/a. Is 2310/8 + h/(-16) composite?
True
Let t = 7604 - 3418. Suppose -10*f = 916 - t. Is f prime?
False
Suppose -5*h - 12*x + 11*x = -8, -10 = -h + 4*x. Suppose 3*j - 6160 = -s, -535 = 4*j - h*s - 8745. Is j a prime number?
True
Is (-96209288)/(-164) - 3*-3 prime?
False
Suppose -2*z = 5*x - 11, -3*x + 4*z + 17 = -0*x. Suppose -o + 3*t = 3*o - 15904, -x*o = -2*t - 11927. Is o a composite number?
True
Suppose -5*w + 49002 = 2*k, 145*w = 6*k + 141*w - 147006. Let f be 0 + (-2 - -1) - -12250. Is (2/6)/(k/f + -2) a composite number?
False
Let w(n) = -18*n**3 + 6*n**2 - 3*n - 11. Let r be w(5). Let x be (-3 - -5) + (r/(-1))/(-2). Let d = x + 1938. Is d composite?
False
Is (12 - -45)*2962 - -1 prime?
False
Suppose 114*f - 45*f - 1455141 = 0. Is f prime?
True
Let p be (9855/(-20) + -3)*4. Let a = 7792 + p. Is a a composite number?
True
Suppose -5*f + 2*u = 56206, f + 2353 = -4*u - 8897. Let j = -3911 - f. Is j prime?
True
Let z(g) = 7*g**2 + 3*g - 19. Let b(c) = -4*c - 17. Let s be b(-4). Let i be s + 4 - -1 - -2. Is z(i) a composite number?
False
Let a(l) = l**3 + 12*l**2 + 5*l - 3. Let o be a(-11). Suppose -2*c = -87 + o. Suppose -c*d + 13*d = 21. Is d a prime number?
False
Let j(v) = -2*v**2 + 32*v - 49. Let o be j(14). Is (3 + -97467)/(-4) - o composite?
False
Let g(c) = -c**2 - 5*c + 29. Let t be g(7). Let f = t + 58. Suppose 0 = -s + 5*s + 20, 2*l + f*s - 2287 = 0. Is l composite?
False
Let a(y) = 1577*y - 676. Is a(42) composite?
True
Suppose 20 = -v - 6*d + 3*d, -2*d - 165 = 5*v. Let n = v + 39. Is n/(-6) - (-1445)/3 a prime number?
False
Suppose -6*m + 39320 = 2*m. Let f = -1988 + m. Is f a composite number?
False
Let a(k) = 1305*k - 742. Is a(25) prime?
True
Let z(d) = 3*d + 27. Let a be z(-8). Let q be (15/3)/((-5)/(-2) - a). Let i(n) = -n**3 - 5*n**2 + 2*n - 33. Is i(q) prime?
False
Let j(b) = -10*b - 138. Let z be j(-13). Is 1 + z/2 + 560 a prime number?
True
Is (-1252)/84*-1473 - -5*(-4)/(-70) prime?
False
Let g(t) = -1357*t - 65. Let c be g(-5). Suppose -4*v - 5*p + c = -4*p, -1665 = -v - 4*p. Is v composite?
True
Let f = 25 + -22. Suppose -28 + 271 = f*r. Let p = -23 + r. Is p a prime number?
False
Let t(j) = j**2 + 30*j + 31. Let y be t(-29). Is ((-5)/y*-1)/(25/108950) a prime number?
False
Let l = -1454 - -2790. Is (l + 1)/(7 - (6 - 0)) prime?
False
Let x be 4*(-4 - (-55454)/(-7)). Let n = x - -44593. Is n prime?
True
Suppose 22*m + 103 = 257. Is (-28)/(-98) + 782/m - 1 composite?
True
Let k = 4 + -1. Let p = 29663 - 29652. Suppose -k*d - p*d = -7266. Is d composite?
True
Suppose -5*s + 3*l = -192, -4*s + 6*s + 2*l - 64 = 0. Let i = 13 + s. Let c = 59 - i. Is c a prime number?
False
Let j(t) = -4531*t - 5072. Is j(-9) composite?
True
Let m(u) be the second derivative of u**5/20 + 7*u**4/4 - 5*u**3/2 - 4*u**2 + 2*u - 2. Is m(-18) prime?
False
Let s be (-24)/84 - 2/(-7). Suppose 8*j - j + 231 = s. Is j/(-2)*(-776)/(-12) composite?
True
Let y = -240774 + 348077. Is y a prime number?
False
Is (-936896)/(-5) + (-3141)/(-1745) composite?
True
Let b be 18*(-5)/(20/6). Let g be ((-114)/(-5))/(-6*8/(-160)). Let o = b + g. Is o a prime number?
False
Let l(k) = -166*k + 3. Let w(s) = -1329*s + 25. Let y(o) = 51*l(o) - 6*w(o). Let z be y(-11). Suppose 3*i + m - 8120 = -0*m, 0 = -2*i + m + z. Is i composite?
False
Suppose -166757 = -5*r - m - 5389, 0 = -3*r + 2*m + 96813. Is r a composite number?
True
Is (21422/(-6))/(3/(-45)) + 4/(-4) composite?
True
Suppose -b + 5 = -2*l - 0*l, -2*l + 25 = 5*b. Suppose -7*h + 5069 - 1716 = l. Is h a prime number?
True
Suppose -115*x + 15394736 = -3*x. Is x a prime number?
True
Suppose 290*g - 81586904 + 46926296 = 219709412. Is g a composite number?
True
Let p(l) = 3611*l**2 - 106*l + 689. Is p(6) a composite number?
True
Suppose 5*h + o - 168551 = h, 168539 = 4*h - 3*o. Is h composite?
True
Let o = -406 - -402. Is (-122893)/(-8) - (o - 58/(-16)) prime?
False
Let t = 146 - 141. Suppose 22795 = t*q + 50*c - 48*c, q + c = 45